digit of 2271644290?
1
What is the hundred thousands digit of 3662762309?
7
What is the hundred millions digit of 1928620154?
9
What is the hundreds digit of 53186521?
5
What is the units digit of 20425860?
0
What is the ten thousands digit of 1937881648?
8
What is the hundreds digit of 2775325876?
8
What is the ten millions digit of 160454012?
6
What is the hundred millions digit of 681078794?
6
What is the hundreds digit of 3444593?
5
What is the ten millions digit of 936423498?
3
What is the millions digit of 239215191?
9
What is the ten millions digit of 932880630?
3
What is the hundreds digit of 96899255?
2
What is the hundred thousands digit of 1186979356?
9
What is the hundreds digit of 73587601?
6
What is the tens digit of 82069599?
9
What is the hundred millions digit of 281469929?
2
What is the hundred thousands digit of 28248919?
2
What is the tens digit of 5447721575?
7
What is the hundred thousands digit of 3774426811?
4
What is the hundred thousands digit of 2147527153?
5
What is the thousands digit of 200086017?
6
What is the hundred millions digit of 2170120345?
1
What is the ten millions digit of 58215588?
5
What is the ten thousands digit of 4638068722?
6
What is the units digit of 40544841?
1
What is the hundred thousands digit of 95922368?
9
What is the hundred millions digit of 238249494?
2
What is the thousands digit of 317998102?
8
What is the ten thousands digit of 109962705?
6
What is the millions digit of 26957143?
6
What is the hundred millions digit of 895716221?
8
What is the tens digit of 368196956?
5
What is the thousands digit of 117741986?
1
What is the hundreds digit of 150344333?
3
What is the thousands digit of 528664979?
4
What is the billions digit of 4221598919?
4
What is the hundred millions digit of 401877156?
4
What is the hundred millions digit of 1704803570?
7
What is the ten millions digit of 1218021555?
1
What is the ten millions digit of 326984376?
2
What is the tens digit of 159310160?
6
What is the thousands digit of 424010090?
0
What is the ten millions digit of 39624033?
3
What is the ten millions digit of 1607173674?
0
What is the millions digit of 418068744?
8
What is the hundred thousands digit of 1192002811?
0
What is the millions digit of 135312394?
5
What is the units digit of 116907256?
6
What is the hundred thousands digit of 5768892033?
8
What is the hundred thousands digit of 39807501?
8
What is the thousands digit of 95927258?
7
What is the ten thousands digit of 48850141?
5
What is the thousands digit of 60050205?
0
What is the thousands digit of 45059779?
9
What is the hundred millions digit of 632120228?
6
What is the tens digit of 5704825?
2
What is the ten millions digit of 477563614?
7
What is the hundred millions digit of 118723376?
1
What is the thousands digit of 219349954?
9
What is the units digit of 3598861?
1
What is the billions digit of 5325346184?
5
What is the millions digit of 68206752?
8
What is the hundred thousands digit of 1312815?
3
What is the hundred thousands digit of 81131386?
1
What is the tens digit of 528117514?
1
What is the hundred thousands digit of 54698853?
6
What is the ten millions digit of 172821557?
7
What is the units digit of 307291161?
1
What is the hundred thousands digit of 2184487782?
4
What is the hundred millions digit of 917966321?
9
What is the hundreds digit of 59332013?
0
What is the ten millions digit of 514326601?
1
What is the hundreds digit of 1124058585?
5
What is the hundred millions digit of 1474349946?
4
What is the millions digit of 84625533?
4
What is the hundreds digit of 44145558?
5
What is the ten thousands digit of 40695177?
9
What is the billions digit of 1632751258?
1
What is the tens digit of 688105408?
0
What is the tens digit of 112364844?
4
What is the tens digit of 1041738740?
4
What is the hundreds digit of 12899511?
5
What is the ten millions digit of 3760430688?
6
What is the units digit of 233049115?
5
What is the hundreds digit of 33823037?
0
What is the units digit of 157247382?
2
What is the tens digit of 30103648?
4
What is the thousands digit of 52204597?
4
What is the ten thousands digit of 189157735?
5
What is the ten millions digit of 50949462?
5
What is the thousands digit of 172218707?
8
What is the millions digit of 61919170?
1
What is the thousands digit of 37249713?
9
What is the hundreds digit of 187447486?
4
What is the ten thousands digit of 37800092?
0
What is the ten millions digit of 1445444567?
4
What is the thousands digit of 100429270?
9
What is the ten thousands digit of 268656374?
5
What is the ten millions digit of 1206587841?
0
What is the hundreds digit of 2966517134?
1
What is the thousands digit of 113170206?
0
What is the tens digit of 305898804?
0
What is the hundred millions digit of 5657142308?
6
What is the billions digit of 1807853740?
1
What is the hundred millions digit of 771657639?
7
What is the billions digit of 2134096436?
2
What is the units digit of 6979123?
3
What is the hundreds digit of 290492584?
5
What is the hundred millions digit of 3433452266?
4
What is the hundred thousands digit of 1809131752?
1
What is the millions digit of 54831590?
4
What is the tens digit of 3724334940?
4
What is the units digit of 54572381?
1
What is the billions digit of 1365010266?
1
What is the hundred millions digit of 814186134?
8
What is the millions digit of 197855863?
7
What is the units digit of 232109312?
2
What is the ten millions digit of 67991734?
6
What is the hundred millions digit of 3723477229?
7
What is the hundreds digit of 76277997?
9
What is the ten millions digit of 139987098?
3
What is the ten millions digit of 367654125?
6
What is the tens digit of 74297689?
8
What is the ten millions digit of 1732807824?
3
What is the ten millions digit of 275584257?
7
What is the millions digit of 669426778?
9
What is the hundred thousands digit of 291247791?
2
What is the hundreds digit of 309275418?
4
What is the tens digit of 1784078359?
5
What is the hundred thousands digit of 42555221?
5
What is the millions digit of 4980689?
4
What is the hundreds digit of 242077579?
5
What is the billions digit of 1169582979?
1
What is the thousands digit of 410053936?
3
What is the thousands digit of 3380888?
0
What is the hundred thousands digit of 2960546868?
5
What is the thousands digit of 700290350?
0
What is the ten millions digit of 185230236?
8
What is the units digit of 26930227?
7
What is the hundred thousands digit of 972845862?
8
What is the thousands digit of 127838939?
8
What is the millions digit of 1482050156?
2
What is the billions digit of 1767615707?
1
What is the hundred millions digit of 245840918?
2
What is the units digit of 90850213?
3
What is the hundred millions digit of 1088735103?
0
What is the tens digit of 1015482172?
7
What is the units digit of 16746185?
5
What is the millions digit of 184104723?
4
What is the hundreds digit of 969443560?
5
What is the tens digit of 125254712?
1
What is the ten millions digit of 736709683?
3
What is the thousands digit of 213863453?
3
What is the tens digit of 4852608405?
0
What is the hundred thousands digit of 448789633?
7
What is the billions digit of 1562254617?
1
What is the ten thousands digit of 537391155?
9
What is the ten thousands digit of 676409755?
0
What is the ten thousands digit of 10180364?
8
What is the ten thousands digit of 1749131172?
3
What is the ten millions digit of 800411596?
0
What is the tens digit of 915484272?
7
What is the millions digit of 2271756074?
1
What is the hundreds digit of 1103358016?
0
What is the millions digit of 57664475?
7
What is the hundred millions digit of 428467786?
4
What is the hundred thousands digit of 382097584?
0
What is the tens digit of 74057049?
4
What is the ten thousands digit of 2634288583?
8
What is the billions digit of 1390766601?
1
What is the hundreds digit of 5549933231?
2
What is the units digit of 747455569?
9
What is the ten millions digit of 1120267791?
2
What is the ten millions digit of 37089181?
3
What is the tens digit of 2860068065?
6
What is the thousands digit of 33689561?
9
What is the hundred thousands digit of 943918143?
9
What is the millions digit of 7971066?
7
What is the units digit of 56547038?
8
What is the units digit of 22789